(a) = -7*p(a) + 3*u(a). Let m be s(-3). Let g(i) = 5*i + 1. Calculate g(m).
-14
Let f(x) = 0*x - 1 + 0*x + x - 4*x. Let k(j) = j**2 - 4. Let w(p) = -1. Let r(i) = -2*k(i) + 9*w(i). Let d be r(1). Give f(d).
8
Let b(h) be the first derivative of -9/2*h**2 + 0*h - 3. Calculate b(-1).
9
Let k = -22 - -15. Let m = k - -3. Let f be (2/1)/(m/2). Let x(a) = a - 1. Determine x(f).
-2
Let s(j) = -j - 3. Suppose -3*i + 5 = -7. Suppose -5*p = -3*p + 3*r + 22, 0 = -2*p + i*r + 6. Determine s(p).
2
Let m(r) = r**2 - 6*r - 5. Let f be 3*((-12)/9 + 3). Calculate m(f).
-10
Let h = -43 + 39. Let g(m) = -m**2 - 4*m + 4. Give g(h).
4
Let s(v) = 154*v**3 - 153*v**3 - 5*v**2 + 0 - 1 + 3*v. Determine s(4).
-5
Let y = 2 + -1. Let w(i) = -2 + 2*i**2 - 3*i**2 + 3 + 6*i**2. Determine w(y).
6
Suppose 0 = 4*b - 1 + 5. Let p(j) = -17*j**2 + 1. Determine p(b).
-16
Let f(t) = -1 - t**3 + 2*t**2 - 4*t**2 - 4*t**3 - 4*t**3 - 2*t. Let m be (-1)/2 - (-3)/(-6). Calculate f(m).
8
Let p(q) be the third derivative of -q**6/120 - q**5/20 + q**4/4 + q**3/2 + 2*q**2. Let x(b) = 5*b. Let r be x(1). Suppose 0*s = r*s + 20. Give p(s).
-5
Let a(x) = 1 - 12*x**2 + x**3 + 3*x**2 - 3. Let g be a(9). Let u(o) be the second derivative of o**5/20 + o**4/3 + o**3/2 + o**2/2 + 3*o. What is u(g)?
3
Let t(g) be the first derivative of -g**3/3 - 3*g**2 + 5*g - 1. Let y be -6 + (4 - 3) + -2. Let c be t(y). Let i(q) = -q**3 - 2*q**2 - 4*q - 2. What is i(c)?
6
Let o(s) be the first derivative of s**4/4 - 3*s**3 + 5*s**2 - 10*s - 31. Calculate o(8).
6
Let i(b) = 3*b + 4. Suppose o = 8*o + 28. Give i(o).
-8
Let i be (-36)/(-15) + 4/(-10). Suppose -2*b + i = -b. Let p(o) = 2*o - 6*o + 3*o - o**2. What is p(b)?
-6
Let i(x) = -x**2 - x. Suppose q + 5*v = 7 - 2, 0 = -4*q + 4*v - 28. Give i(q).
-20
Let u(o) = -3*o**3 + 12*o**2 + 10*o + 12. Let g be 3/(-6)*6 - 2. Let z(j) = -j**3 + 6*j**2 + 5*j + 6. Let r(q) = g*z(q) + 2*u(q). Calculate r(-5).
-6
Let j(u) = u - 8. Let p be (-1 + 4)/(1/1). Suppose -p*m - 5*y - 34 = 0, -5*m - 4*y - 25 - 10 = 0. Let k be (1 + 1 - m)/1. Give j(k).
-3
Let v(a) be the second derivative of a**3/6 - 3*a**2/2 - a. Suppose -4*d - x + 28 = -5*x, -5*x - 14 = -2*d. Give v(d).
4
Let h(f) = -f - 1. Let a(o) = -o**3 - 3*o**2 - 2*o + 2. Let r be a(-2). Let v(p) = -10*p - 3. Let c(w) = r*h(w) - v(w). Calculate c(1).
9
Let k = 493 - 493. Let w(h) = -4 + 0*h + h**2 + h + 1. Give w(k).
-3
Let u(z) be the third derivative of -z**6/120 - z**5/20 - z**3/6 + 8*z**2. What is u(-3)?
-1
Let n(m) be the first derivative of -m**4/4 + 4*m**3/3 - 2*m**2 + m + 1. Give n(3).
-2
Let i = -24 - -19. Let s(u) = u**2 - 1. Let c(b) = b**3 - 4*b + 6. Let j(w) = -c(w) - 4*s(w). Give j(i).
3
Let z be ((-5)/4)/((-4)/(-16)). Let i(m) be the first derivative of m**3/3 - m**2/2 + m + 1. Let r(v) = 4*v**2 - 3. Let f(s) = 3*i(s) - r(s). Determine f(z).
-4
Suppose -v = 4*v. Let s(k) = 2*k - 7. Let t(f) = f - 4. Let p(w) = 4*s(w) - 9*t(w). What is p(v)?
8
Let i = 27 - 27. Let n(f) be the second derivative of 4*f + 1/2*f**2 + i + 1/6*f**3. Calculate n(-2).
-1
Let w(q) = q**3 - 2*q**2 + 2*q - 1. Let o be (4 + -2)/(1/1). Let c be w(o). Let k(h) = -1 + 5 - c - 4*h**3. Determine k(1).
-3
Let d(b) = b**2 - 4*b - 4. Let f be (((-2)/(-3))/(1/12))/(-2). What is d(f)?
28
Let c(v) = v + 4. Let z be 1*(-2)/4*-6. Suppose -4*h = -5*t - 2, 5*h + 6*t = z*t + 21. Let b = 0 - h. Determine c(b).
1
Let l(c) be the third derivative of 4*c**2 + 0*c + 0 + 1/120*c**6 + 1/6*c**4 + 1/20*c**5 + 1/3*c**3. Give l(-2).
-2
Let d(l) be the second derivative of -l**5/20 + 5*l**4/12 - l**3 + 3*l**2 + 12*l. Let c(g) = g + 7. Let a be c(-3). Calculate d(a).
-2
Let s = 38 - 44. Let q(u) = u**3 + 6*u**2 + u + 6. Calculate q(s).
0
Let j(x) = -2*x**3 + 3*x**2. Let u = 18 + -12. Suppose 19*h = 22*h - u. Give j(h).
-4
Let d = -20 - -24. Let g(w) = -w**2 + 2*w + 1. What is g(d)?
-7
Let t(d) = d + 7. Let j(b) = 2*b - 6. Let w be j(8). Suppose 10 = -2*g, -2*g - 10 = 2*v + w. Calculate t(v).
2
Let t = -3 + 5. Let p = t + -1. Let y(r) = -19*r**2 - 2*r - 7. Let x(h) = 10*h**2 + h + 4. Let a(n) = -7*x(n) - 4*y(n). Determine a(p).
7
Let r(y) = y**3 + 6 + 0 + 5*y**2 + 6*y**2. Give r(-11).
6
Let t(c) = 6*c + 4. Let p(k) = -7*k - 3. Let a(f) = -5*p(f) - 6*t(f). What is a(0)?
-9
Let n(k) = k**3 - 1. Let x(v) = -7*v**3 + 2*v**2 + 10. Let r(q) = -6*n(q) - x(q). Calculate r(3).
5
Let b(r) = 3*r - 2*r**3 - 1 + 0 + 4*r**2 + 3*r**3. Let y(h) be the first derivative of -h**2/2 - 13*h + 2. Let p be y(-10). Give b(p).
-1
Let u(a) = 3*a**2 + a**3 + 3 + 92*a + 0*a**2 - 96*a. Determine u(-4).
3
Let l = -5 + -61. Let q be l/(-24) + (-1)/(-4). Let h(n) = 2*n - 1. Give h(q).
5
Suppose 3*q + 4 = 5*q. Let l(g) = -2*g**2 + 4*g**q + 1 - 3*g**2. Suppose -5*k - 1 = 9. Determine l(k).
-3
Let k be (-2)/5*((-18)/(-6) + 2). Let s(g) = g**3 - g**2 - 3*g - 2. Calculate s(k).
-8
Let f(t) = 5*t**3 - 1. Suppose -5*g + 2 = 3*a, 4*a - 2*a = 3*g - 5. Let x be 2/a*8/16. Calculate f(x).
-6
Let y(f) = 20*f**3 - 17*f**2 - 14*f - 8. Let l(u) = 7*u**3 - 6*u**2 - 5*u - 3. Let g(i) = 17*l(i) - 6*y(i). Suppose 6*o - 4*o = 0. Determine g(o).
-3
Let l(h) = h + 2. Let t be l(6). Suppose -4*x + 0*x = -t. Let s(w) = 2*w - 4 + x + 2*w. Determine s(2).
6
Let i(p) = -3*p**2 + 18*p + 14. Let a be i(7). Let d(t) = t - 2. Determine d(a).
-9
Let d(g) = -3*g + 2. Let c = 43 - 41. What is d(c)?
-4
Let g(z) = z**2 + 2*z - 1. Let q(o) = -3*o + 1. Let t(i) = 4*g(i) + 3*q(i). Suppose 3*u - u = 4. Suppose u*l + 5*a + 14 = -l, 4*l = 5*a + 28. Calculate t(l).
13
Let u(j) = j**2. Let y(d) = 4*d**2 - 7*d - 8. Let m(v) = -3*u(v) + y(v). Give m(6).
-14
Suppose 2 + 4 = 3*q. Let d(p) = p**2 - q - 1 + 9. Let v be d(0). Let f(r) = -r**3 + 6*r**2 - r + 7. Give f(v).
1
Let o(z) = 2*z + 5. Suppose -54 = 4*m - 0*l - 3*l, -5*l = 10. Let d = m + 11. What is o(d)?
-3
Let t(o) = -8*o - 7. Let w(q) = -7*q - 6. Let i(v) = -5*t(v) + 6*w(v). Suppose 6 = 3*h - 0*h. What is i(h)?
-5
Let c(h) = h**2 - 13. Let i be c(-4). Let w(s) = -2*s. Give w(i).
-6
Suppose -12 = 2*k - r - 3*r, r + 4 = 4*k. Suppose u = -k*u. Let m be 2/(-4)*u/(-1). Let j(g) = -g + 1. Give j(m).
1
Let b = 10 - -4. Suppose -3*v + c = 4*c - 9, 2*v - 2*c - b = 0. Let h(m) = m**2 - 6*m + 4. Calculate h(v).
-1
Let f(j) be the first derivative of j**4/4 - 4*j**3/3 + 2*j**2 - 3*j - 7. Give f(2).
-3
Let q(o) = -o + 4. Let v be q(2). Let d(m) = -7*m + 3. Calculate d(v).
-11
Let a(l) = -5*l**2 + 2*l - 1. Let q be ((-5)/25 + 0)/(2/(-10)). What is a(q)?
-4
Let x be (24/(-9) + 0)/((-2)/3). Let d(p) = -p**3 + 9*p**2 + 10*p - 4. Let g(m) = m**2 + m. Let a(h) = -d(h) + 6*g(h). Determine a(x).
4
Suppose 2*n + 8 = 4*n + 3*y, 12 = 3*n - 3*y. Suppose -4*i - n = 2*w, 3*w + i + 6 = 2*i. Let g(o) = o**3 + 2*o**2 - o - 2. Give g(w).
0
Let l(a) = -a**3 + 8*a**2 - 2*a + 10. Let n be l(8). Let d(i) = i**3 + 5*i**2 - 7*i. What is d(n)?
6
Let t(q) be the second derivative of q**3/6 - 7*q**2 - 5*q. Calculate t(6).
-8
Suppose 5*z - 5 = 0, -4*q + 0*z - 3*z = -27. Let m(h) = -h**3 + 7*h**2 - 5*h + 3. Give m(q).
9
Let y(x) be the third derivative of -x**5/60 - x**4/24 - x**3/6 - x**2 - 8. Determine y(-1).
-1
Let t(y) = -1 + 3 - y - 4*y**2 + 5*y**2. Suppose 14*i - 16*i = 4. Give t(i).
8
Suppose -4 = -y + 2. Suppose -3*c - 4 = 14. Let l be (-16)/c - (-2)/y. Let t(a) = a**2 - 3*a - 4. Give t(l).
-4
Let b(h) be the third derivative of h**6/120 + 2*h**5/15 + 5*h**4/24 + 8*h**2. What is b(-7)?
14
Let y = 73 - 76. Let k(l) = l**3 + 3*l**2 - l + 1. What is k(y)?
4
Let p = 1/44 - -19/132. Let l(o) be the second derivative of -1/3*o**3 + p*o**4 + 0 - 4*o + 3/2*o**2 + 1/20*o**5. Give l(-3).
0
Let o(d) = -1 - d**3 - 3*d**2 + 2 - 2*d - 4. Let l = -12 + 9. Determine o(l).
3
Let q(u) = u**3 + 4*u**2 + 2*u + 1. Let t = -89 + 85. Give q(t).
-7
Let h(o) = -2*o - 8. Let q be h(-6). Suppose q*r - 3*w = 20, -2*r + 0*w + 10 = 3*w. Let n(b) = b**2 - 11 + 16 - 3*b - 12. Determine n(r).
3
Let a(m) = 2*m + 0 - 4*m + 1. Let n(s) = -2*s + 1. Let f(q) = -3*a(q) + 2*n(q). Let d(b) = -b**2 - 5*b + 8. Let y be d(-6). Give f(y).
3
Suppose -2*m + 17 = 5*r, -7*m + 8*m - 1 = 0. Let t(z) = -3*z + 4. What is t(r)?
-5
Let r(d) be the third derivative of d**6/120 + d**5/12 - d**4/12 + 29*d**2 - 2*d. Determine r(-5).
10
Suppose -4*o + 2*l = -3*l - 10, -5*l = 2*o - 